{"id":195,"date":"2021-05-18T14:34:28","date_gmt":"2021-05-18T12:34:28","guid":{"rendered":"http:\/\/pruszczgdanski.home.pl\/autoinstalator\/wordpressplugins2\/?page_id=195"},"modified":"2026-01-13T21:02:12","modified_gmt":"2026-01-13T20:02:12","slug":"szkola-podstawowa-w-legowie","status":"publish","type":"page","link":"https:\/\/splegowo.pl\/index.php\/szkola-podstawowa-w-legowie\/","title":{"rendered":"Szko\u0142a Podstawowa w \u0141\u0119gowie"},"content":{"rendered":"\n<p><strong>Szko\u0142a Podstawowa w \u0141\u0119gowie<\/strong><\/p>\n\n\n\n<p><\/p>\n\n\n\n<p><strong>Adres e-dor\u0119cze\u0144<\/strong>: AE:PL-96343-82970-ESASD-34<\/p>\n\n\n\n<p><\/p>\n\n\n\n<p><em>Dyrektor:<\/em><br><strong>mgr Pawe\u0142 Flejszar<\/strong><\/p>\n\n\n\n<p><em>Wicedyrektorzy:<\/em><br><strong>mgr <\/strong>Anna Gierdal<br><strong>mgr in\u017c. <\/strong>Marcin Krawisz <\/p>\n\n\n\n<p><em>Sekretariat:<\/em><\/p>\n\n\n\n<p>tel.&nbsp;<strong>(0 58) 682 85 24<\/strong><\/p>\n\n\n\n<p>&nbsp;e-mail:&nbsp;<a href=\"mailto:zslego@wp.pl\"><strong>sekretariat@splegowo.pl<\/strong><\/a><\/p>\n\n\n\n<p>godz. pracy:&nbsp;<strong>8<sup><u>00<\/u><\/sup>&nbsp;&#8211; 15<sup><u>00<\/u><\/sup><\/strong><\/p>\n\n\n\n<p><em>Rada rodzic\u00f3w:<\/em><\/p>\n\n\n\n<p>Bank Sp\u00f3\u0142dzielczy w Pruszczu Gda\u0144skim<br><strong>02 8335 0003 0100 2482 2000 0001<\/strong><\/p>\n\n\n\n<p><em>Zaj\u0119cia lekcyjne:<\/em>&nbsp;7<sup>30<\/sup>&nbsp;&#8211; 15<sup>40<\/sup><\/p>\n\n\n\n<p><em>\u015awietlica:<\/em>&nbsp;7<sup>00<\/sup>&nbsp;&#8211; 17<sup>00<\/sup><\/p>\n\n\n\n<p><em>Biblioteka:<\/em><br>&nbsp;&nbsp;&nbsp;&nbsp;&nbsp;poniedzia\u0142ek &#8211; pi\u0105tek: 8<sup>00<\/sup>&nbsp;&#8211; 14<sup>00<\/sup><br>&nbsp;&nbsp;&nbsp;&nbsp;&nbsp;\u015broda &#8211; nieczynne<\/p>\n\n\n\n<p><em>Czytelnia multimedialna:<\/em><br>&nbsp;&nbsp;&nbsp;&nbsp;&nbsp;poniedzia\u0142ek &#8211; czwartek: 14<sup>00<\/sup>&nbsp;&#8211; 17<sup>00<\/sup><br>&nbsp;&nbsp;&nbsp;&nbsp;&nbsp;pi\u0105tek &#8211; nieczynne<\/p>\n\n\n\n<p>Organizacja szko\u0142y:<br>Jeste\u015bmy&nbsp;<strong>Szko\u0142\u0105 Podstawow\u0105<\/strong>&nbsp;z siedzib\u0105<strong>&nbsp;w \u0141\u0119gowie<\/strong>&nbsp;przy ul. Szkolnej 9. Nadz\u00f3r pedagogiczny nad nasz\u0105 szko\u0142\u0105 sprawuje Kuratorium O\u015bwiaty w Gda\u0144sku<br>(<a rel=\"noreferrer noopener\" href=\"http:\/\/www.kuratorium.gda.pl\/\" target=\"_blank\">www.kuratorium.gda.pl<\/a>).<br>Piecz\u0119 nad funkcjonowaniem szko\u0142y sprawuje dyrektor&nbsp;<strong>mgr Pawe\u0142 Flejszar<\/strong><br>wraz z wicedyrektorami&nbsp;<strong>mgr Ann\u0105 Gierdal i mgr Marcinem Krawiszem<\/strong><\/p>\n","protected":false},"excerpt":{"rendered":"<p>Szko\u0142a Podstawowa w \u0141\u0119gowie Adres e-dor\u0119cze\u0144: AE:PL-96343-82970-ESASD-34 Dyrektor:mgr Pawe\u0142 Flejszar Wicedyrektorzy:mgr Anna Gierdalmgr in\u017c. Marcin Krawisz Sekretariat: tel.&nbsp;(0 58) 682 &hellip; <\/p>\n","protected":false},"author":1,"featured_media":0,"parent":0,"menu_order":0,"comment_status":"closed","ping_status":"closed","template":"","meta":[],"_links":{"self":[{"href":"https:\/\/splegowo.pl\/index.php\/wp-json\/wp\/v2\/pages\/195"}],"collection":[{"href":"https:\/\/splegowo.pl\/index.php\/wp-json\/wp\/v2\/pages"}],"about":[{"href":"https:\/\/splegowo.pl\/index.php\/wp-json\/wp\/v2\/types\/page"}],"author":[{"embeddable":true,"href":"https:\/\/splegowo.pl\/index.php\/wp-json\/wp\/v2\/users\/1"}],"replies":[{"embeddable":true,"href":"https:\/\/splegowo.pl\/index.php\/wp-json\/wp\/v2\/comments?post=195"}],"version-history":[{"count":6,"href":"https:\/\/splegowo.pl\/index.php\/wp-json\/wp\/v2\/pages\/195\/revisions"}],"predecessor-version":[{"id":26681,"href":"https:\/\/splegowo.pl\/index.php\/wp-json\/wp\/v2\/pages\/195\/revisions\/26681"}],"wp:attachment":[{"href":"https:\/\/splegowo.pl\/index.php\/wp-json\/wp\/v2\/media?parent=195"}],"curies":[{"name":"wp","href":"https:\/\/api.w.org\/{rel}","templated":true}]}}

Szkoła Podstawowa w Łęgowie

<p><strong>Szkoła Podstawowa w Łęgowie</strong></p>



<p></p>



<p><strong>Adres e-doręczeń</strong>: AE:PL-96343-82970-ESASD-34</p>



<p></p>



<p><em>Dyrektor:</em><br><strong>mgr Paweł Flejszar</strong></p>



<p><em>Wicedyrektorzy:</em><br><strong>mgr </strong>Anna Gierdal<br><strong>mgr inż. </strong>Marcin Krawisz </p>



<p><em>Sekretariat:</em></p>



<p>tel.&nbsp;<strong>(0 58) 682 85 24</strong></p>



<p>&nbsp;e-mail:&nbsp;<a href="mailto:zslego@wp.pl"><strong>sekretariat@splegowo.pl</strong></a></p>



<p>godz. pracy:&nbsp;<strong>8<sup><u>00</u></sup>&nbsp;&#8211; 15<sup><u>00</u></sup></strong></p>



<p><em>Rada rodziców:</em></p>



<p>Bank Spółdzielczy w Pruszczu Gdańskim<br><strong>02 8335 0003 0100 2482 2000 0001</strong></p>



<p><em>Zajęcia lekcyjne:</em>&nbsp;7<sup>30</sup>&nbsp;&#8211; 15<sup>40</sup></p>



<p><em>Świetlica:</em>&nbsp;7<sup>00</sup>&nbsp;&#8211; 17<sup>00</sup></p>



<p><em>Biblioteka:</em><br>&nbsp;&nbsp;&nbsp;&nbsp;&nbsp;poniedziałek &#8211; piątek: 8<sup>00</sup>&nbsp;&#8211; 14<sup>00</sup><br>&nbsp;&nbsp;&nbsp;&nbsp;&nbsp;środa &#8211; nieczynne</p>



<p><em>Czytelnia multimedialna:</em><br>&nbsp;&nbsp;&nbsp;&nbsp;&nbsp;poniedziałek &#8211; czwartek: 14<sup>00</sup>&nbsp;&#8211; 17<sup>00</sup><br>&nbsp;&nbsp;&nbsp;&nbsp;&nbsp;piątek &#8211; nieczynne</p>



<p>Organizacja szkoły:<br>Jesteśmy&nbsp;<strong>Szkołą Podstawową</strong>&nbsp;z siedzibą<strong>&nbsp;w Łęgowie</strong>&nbsp;przy ul. Szkolnej 9. Nadzór pedagogiczny nad naszą szkołą sprawuje Kuratorium Oświaty w Gdańsku<br>(<a rel="noreferrer noopener" href="http://www.kuratorium.gda.pl/" target="_blank">www.kuratorium.gda.pl</a>).<br>Pieczę nad funkcjonowaniem szkoły sprawuje dyrektor&nbsp;<strong>mgr Paweł Flejszar</strong><br>wraz z wicedyrektorami&nbsp;<strong>mgr Anną Gierdal i mgr Marcinem Krawiszem</strong></p>

<p>Szkoła Podstawowa w Łęgowie Adres e-doręczeń: AE:PL-96343-82970-ESASD-34 Dyrektor:mgr Paweł Flejszar Wicedyrektorzy:mgr Anna Gierdalmgr inż. Marcin Krawisz Sekretariat: tel.&nbsp;(0 58) 682 &hellip; </p>
