{"id":19342,"date":"2023-03-23T09:29:58","date_gmt":"2023-03-23T08:29:58","guid":{"rendered":"https:\/\/splegowo.pl\/?page_id=19342"},"modified":"2023-03-23T10:05:03","modified_gmt":"2023-03-23T09:05:03","slug":"etr-informacje-o-szkole","status":"publish","type":"page","link":"https:\/\/splegowo.pl\/index.php\/etr-informacje-o-szkole\/","title":{"rendered":"ETR &#8211; informacje o szkole"},"content":{"rendered":"\n<p>Tekst \u0142atwy do czytania (ETR) <img decoding=\"async\" loading=\"lazy\" src=\"https:\/\/lh6.googleusercontent.com\/RCVGg2VA4h8rnVqBjndKDk6LCJ6KOfwUB9nHv5zt-6d55_FdNGZnTSqVLCdR1vzTnUg1p1O_YoD2-ExihC_vzSJiHyXNDr9OPnZbIGuuZLHFK4pQXu3C-vHHVzeExtE_hMWMy_ki9Ji7Zx4IG3JbkEo\" width=\"100\" height=\"100\"><\/p>\n\n\n\n<p>Szko\u0142a Podstawowa im. Bohater\u00f3w Grudnia \u201870 w \u0141\u0119gowie&nbsp;<\/p>\n\n\n\n<p>Znajdujemy si\u0119 przy ul. Szkolnej 9 w \u0141\u0119gowie.<\/p>\n\n\n\n<p>Przy szkole znajduje si\u0119 parking wewn\u0119trzny oraz zewn\u0119trzny.<\/p>\n\n\n\n<p>Zajmujemy si\u0119 kszta\u0142ceniem i wychowaniem dzieci i m\u0142odzie\u017cy w wieku od 6 do 15 lat.&nbsp;<\/p>\n\n\n\n<p>Sekretariat w szkole jest na parterze blisko wej\u015bcia, w korytarzu naprzeciwko schod\u00f3w. Jest tu te\u017c gabinet dyrektora i ksi\u0119gowo\u015b\u0107.<\/p>\n\n\n\n<p>W budynku s\u0105 toalety dla os\u00f3b z niepe\u0142nosprawno\u015bciami.<\/p>\n\n\n\n<p>W budynku znajduje si\u0119 winda, kt\u00f3rej wymiary pozwalaj\u0105 na swobodny przejazd dla os\u00f3b z niepe\u0142nosprawno\u015bciami. Winda nie dociera do wszystkich korytarzy.<\/p>\n\n\n\n<p>Sekretariat jest otwarty w godz.:<\/p>\n\n\n\n<p>poniedzia\u0142ek 7:00 &#8211; 15:00<br>wtorek 8:00 &#8211; 16:00<br>\u015broda dzie\u0144 wewn\u0119trzny &#8211; sekretariat nieczynny<br>czwartek 7:00 &#8211; 15:00<br>pi\u0105tek 7:00 &#8211; 15:00<\/p>\n\n\n\n<p>Mo\u017cna tutaj:<\/p>\n\n\n\n<ul><li>z\u0142o\u017cy\u0107 dokumenty w celu przyj\u0119cia do szko\u0142y,<\/li><li>uzyska\u0107 za\u015bwiadczenie o ucz\u0119szczaniu ucznia do naszej szko\u0142y,<\/li><li>uzyska\u0107 informacje.<\/li><\/ul>\n\n\n\n<p>Je\u015bli chcesz co\u015b za\u0142atwi\u0107 lub uzyska\u0107 informacj\u0119 skontaktuj si\u0119 z nami.<\/p>\n\n\n\n<p>KONTAKT ZE SZKO\u0141\u0104:<\/p>\n\n\n\n<ul><li>telefonicznie pod numerem telefonu:&nbsp; (058)6828524<\/li><li>faxem: (058)6828524<\/li><li>drog\u0105 mailow\u0105 na adres e-mail: sekretariat@splegowo.pl<\/li><li>Mo\u017cesz r\u00f3wnie\u017c napisa\u0107 pismo i wys\u0142a\u0107 je listem na adres:<\/li><\/ul>\n\n\n\n<p>Szko\u0142a Podstawowa im. Bohater\u00f3w Grudnia \u201870 w \u0141\u0119gowie<br>ul. Szkolna 9<br>83-031 \u0141\u0119gowo<\/p>\n\n\n\n<p>Informacje o szkole mo\u017cna znale\u017a\u0107 na stronie internetowej: www.splegowo.pl<\/p>\n\n\n\n<div class=\"wp-block-file\"><a href=\"https:\/\/splegowo.pl\/wp-content\/uploads\/2023\/03\/ETR-tekst-latwy-do-czytania-SP-Legowo.pdf\">ETR-tekst-latwy-do-czytania-SP-Legowo<\/a><a href=\"https:\/\/splegowo.pl\/wp-content\/uploads\/2023\/03\/ETR-tekst-latwy-do-czytania-SP-Legowo.pdf\" class=\"wp-block-file__button\" download>Pobierz<\/a><\/div>\n","protected":false},"excerpt":{"rendered":"<p>Tekst \u0142atwy do czytania (ETR) Szko\u0142a Podstawowa im. Bohater\u00f3w Grudnia \u201870 w \u0141\u0119gowie&nbsp; Znajdujemy si\u0119 przy ul. Szkolnej 9 w &hellip; <\/p>\n","protected":false},"author":1,"featured_media":0,"parent":0,"menu_order":0,"comment_status":"closed","ping_status":"closed","template":"","meta":[],"_links":{"self":[{"href":"https:\/\/splegowo.pl\/index.php\/wp-json\/wp\/v2\/pages\/19342"}],"collection":[{"href":"https:\/\/splegowo.pl\/index.php\/wp-json\/wp\/v2\/pages"}],"about":[{"href":"https:\/\/splegowo.pl\/index.php\/wp-json\/wp\/v2\/types\/page"}],"author":[{"embeddable":true,"href":"https:\/\/splegowo.pl\/index.php\/wp-json\/wp\/v2\/users\/1"}],"replies":[{"embeddable":true,"href":"https:\/\/splegowo.pl\/index.php\/wp-json\/wp\/v2\/comments?post=19342"}],"version-history":[{"count":2,"href":"https:\/\/splegowo.pl\/index.php\/wp-json\/wp\/v2\/pages\/19342\/revisions"}],"predecessor-version":[{"id":19346,"href":"https:\/\/splegowo.pl\/index.php\/wp-json\/wp\/v2\/pages\/19342\/revisions\/19346"}],"wp:attachment":[{"href":"https:\/\/splegowo.pl\/index.php\/wp-json\/wp\/v2\/media?parent=19342"}],"curies":[{"name":"wp","href":"https:\/\/api.w.org\/{rel}","templated":true}]}}