{"id":191,"date":"2021-05-18T14:19:54","date_gmt":"2021-05-18T12:19:54","guid":{"rendered":"http:\/\/pruszczgdanski.home.pl\/autoinstalator\/wordpressplugins2\/?page_id=191"},"modified":"2023-09-12T22:15:29","modified_gmt":"2023-09-12T20:15:29","slug":"terapia-logopedyczna","status":"publish","type":"page","link":"https:\/\/splegowo.pl\/index.php\/terapia-logopedyczna\/","title":{"rendered":"TERAPIA LOGOPEDYCZNA"},"content":{"rendered":"\t\t<div data-elementor-type=\"wp-page\" data-elementor-id=\"191\" class=\"elementor elementor-191\">\n\t\t\t\t\t\t\t\t\t<section class=\"elementor-section elementor-top-section elementor-element elementor-element-157f6fb elementor-section-boxed elementor-section-height-default elementor-section-height-default\" data-id=\"157f6fb\" data-element_type=\"section\">\n\t\t\t\t\t\t<div class=\"elementor-container elementor-column-gap-default\">\n\t\t\t\t\t<div class=\"elementor-column elementor-col-100 elementor-top-column elementor-element elementor-element-a60e2d7\" data-id=\"a60e2d7\" data-element_type=\"column\">\n\t\t\t<div class=\"elementor-widget-wrap elementor-element-populated\">\n\t\t\t\t\t\t\t\t<div class=\"elementor-element elementor-element-59845d3 elementor-widget elementor-widget-text-editor\" data-id=\"59845d3\" data-element_type=\"widget\" data-widget_type=\"text-editor.default\">\n\t\t\t\t<div class=\"elementor-widget-container\">\n\t\t\t\t\t\t\t<p><span style=\"font-weight: 400;\">W naszej szkole terapia logopedyczna przeznaczona jest g\u0142\u00f3wnie dla dzieci z klas 0-III. Celem zaj\u0119\u0107 jest przede wszystkim korygowanie zaburzonej mowy i wymowy. Uczniowie i uczennice usprawniaj\u0105 prac\u0119 aparatu artykulacyjnego, g\u0142\u00f3wnie j\u0119zyka i warg. Ucz\u0105 si\u0119 jak prawid\u0142owo wymawia\u0107 trudne dla nich g\u0142oski i utrwalaj\u0105 je na zaj\u0119ciach w gabinecie oraz poza nim. W trakcie zaj\u0119\u0107 r\u00f3wnie\u017c rozwijana jest percepcja wzrokowa, s\u0142uchowa, <\/span><span style=\"font-weight: 400;\">orientacja przestrzenna. <\/span><span style=\"font-weight: 400;\">Wprowadzane s\u0105 te\u017c \u0107wiczenia u\u0142atwiaj\u0105ce czytanie i pisanie, a tak\u017ce doskonal\u0105ce rozw\u00f3j ruchowy i emocjonalny.<\/span><\/p><p><span style=\"font-weight: 400;\">\u00a0<\/span><\/p><p><b>Osi\u0105gni\u0119cie sukcesu i wypracowanie w\u0142a\u015bciwej wymowy wymaga wiele pracy i zaanga\u017cowania zar\u00f3wno ze strony dziecka jak i doros\u0142ych \u2013 rodzica i logopedy<\/b><span style=\"font-weight: 400;\">. Trudno sobie wyobrazi\u0107 zaj\u0119cia logopedyczne bez udzia\u0142u rodzic\u00f3w. <\/span><b>Dziecko m\u00f3wi zwykle 10-12 godzin dziennie 7 dni w tygodniu<\/b><span style=\"font-weight: 400;\">, wi\u0119c konieczno\u015b\u0107 utrwalania zdobytych na zaj\u0119ciach umiej\u0119tno\u015bci spoczywa na osobach opiekuj\u0105cych si\u0119 dzieckiem. W<\/span> <span style=\"font-weight: 400;\">gabinecie wywo\u0142ywane s\u0105 g\u0142oski, wskazywane s\u0105 kierunki terapii, przekazywane s\u0105 materia\u0142y do pracy w domu. <\/span><b>Udzia\u0142 rodzic\u00f3w w ka\u017cdych zaj\u0119ciach jest idea\u0142em<\/b><span style=\"font-weight: 400;\">, ale gdy nie jest to mo\u017cliwe, wa\u017cne by kontakt z logoped\u0105 by\u0142 jak najcz\u0119stszy. Na zaj\u0119cia dzieci obowi\u0105zkowo przynosz\u0105 zeszyty.<\/span><\/p><p><span style=\"font-weight: 400;\">\u00a0<\/span><\/p><p><span style=\"font-weight: 400;\">Zadaniem dziecka jest prawid\u0142owa wymowa we wszystkich sytuacjach (nie tylko w gabinecie logopedycznym), a zadaniem doros\u0142ych jest u\u0142atwienie mu tego \u2013 <\/span><b>wypracowanie zwyczaju codziennych systematycznych \u0107wicze\u0144 w atmosferze zabawy i rado\u015bci<\/b><span style=\"font-weight: 400;\">, tak by dziecko kojarzy\u0142o utrwalanie jako mi\u0142y czas sp\u0119dzony z rodzicem, a nie jako gehenn\u0119 dzieci\u0144stwa. <\/span><b>Dobra terapia logopedyczna to kr\u00f3tka terapia<\/b><span style=\"font-weight: 400;\">, im szybciej utrwalone zostan\u0105 efekty tym szybciej dziecko b\u0119dzie mog\u0142o czerpa\u0107 profity ze zdobytych umiej\u0119tno\u015bci i bezstresowo wspina\u0107 si\u0119 po drabinie wiedzy.<\/span><\/p><p><span style=\"font-weight: 400;\">\u00a0<\/span><\/p><p><span style=\"font-weight: 400;\">We wrze\u015bniu ka\u017cdego roku przeprowadzane s\u0105 badania przesiewowe<\/span><span style=\"font-weight: 400;\">, diagnoza nowych uczni\u00f3w oraz analiza umiej\u0119tno\u015bci osi\u0105gni\u0119tych przez uczni\u00f3w uczestnicz\u0105cych w terapii w poprzednim roku. Na tej podstawie tworzona jest lista uczni\u00f3w wymagaj\u0105cych pomocy. W zale\u017cno\u015bci od zdiagnozowanej wady oraz jej nasilenia uczennice i uczniowie uczestnicz\u0105 w zaj\u0119ciach indywidualnych lub grupowych, otrzymuj\u0105 r\u00f3wnie\u017c zalecenia do pracy w domu. Regularne zaj\u0119cia rozpoczynaj\u0105 si\u0119 zwykle w ostatnim tygodniu wrze\u015bnia, a u\u0142o\u017cenie indywidualnego planu mimo wieloletniego treningu jest zawsze wyzwaniem!!!<\/span><\/p><p><span style=\"font-weight: 400;\">\u00a0<\/span><\/p><p><span style=\"font-weight: 400;\">Konsultacje dla rodzic\u00f3w (\u015broda po po\u0142udniu) \u2013 po wcze\u015bniejszym um\u00f3wieniu si\u0119. Zawsze znajdziemy wsp\u00f3lny termin dopasowany do Pa\u0144stwa potrzeb.\u00a0\u00a0<\/span><\/p><p><span style=\"font-weight: 400;\">\u00a0<\/span><\/p><p><span style=\"font-weight: 400;\">W tym roku zaj\u0119cia prowadzi r\u00f3wnie\u017c pani Agnieszka Suchcicka<\/span><\/p><p><span style=\"font-weight: 400;\">\u00a0<\/span><\/p><p style=\"text-align: right;\"><b>Wszystkim \u017cycz\u0119 dobrej zabawy i zapraszam na zaj\u0119cia<\/b><\/p><p style=\"text-align: right;\"><span style=\"font-weight: 400;\">logopeda mgr Anna Retowska<\/span><\/p><p><span style=\"font-weight: 400;\">\u00a0<\/span><\/p><ul><li style=\"font-weight: 400;\" aria-level=\"1\"><span style=\"font-weight: 400;\">preferowany kontakt \u2013 dziennik elektroniczny,<\/span><\/li><li style=\"font-weight: 400;\" aria-level=\"1\"><span style=\"font-weight: 400;\">oraz telefon: 58 6828524 lub anre@splegowo.pl<\/span><\/li><\/ul>\t\t\t\t\t\t<\/div>\n\t\t\t\t<\/div>\n\t\t\t\t\t<\/div>\n\t\t<\/div>\n\t\t\t\t\t\t\t<\/div>\n\t\t<\/section>\n\t\t\t\t\t\t\t<\/div>\n\t\t","protected":false},"excerpt":{"rendered":"<p>W naszej szkole terapia logopedyczna przeznaczona jest g\u0142\u00f3wnie dla dzieci z klas 0-III. Celem zaj\u0119\u0107 jest przede wszystkim korygowanie zaburzonej &hellip; <\/p>\n","protected":false},"author":1,"featured_media":0,"parent":0,"menu_order":0,"comment_status":"closed","ping_status":"closed","template":"","meta":[],"_links":{"self":[{"href":"https:\/\/splegowo.pl\/index.php\/wp-json\/wp\/v2\/pages\/191"}],"collection":[{"href":"https:\/\/splegowo.pl\/index.php\/wp-json\/wp\/v2\/pages"}],"about":[{"href":"https:\/\/splegowo.pl\/index.php\/wp-json\/wp\/v2\/types\/page"}],"author":[{"embeddable":true,"href":"https:\/\/splegowo.pl\/index.php\/wp-json\/wp\/v2\/users\/1"}],"replies":[{"embeddable":true,"href":"https:\/\/splegowo.pl\/index.php\/wp-json\/wp\/v2\/comments?post=191"}],"version-history":[{"count":9,"href":"https:\/\/splegowo.pl\/index.php\/wp-json\/wp\/v2\/pages\/191\/revisions"}],"predecessor-version":[{"id":20181,"href":"https:\/\/splegowo.pl\/index.php\/wp-json\/wp\/v2\/pages\/191\/revisions\/20181"}],"wp:attachment":[{"href":"https:\/\/splegowo.pl\/index.php\/wp-json\/wp\/v2\/media?parent=191"}],"curies":[{"name":"wp","href":"https:\/\/api.w.org\/{rel}","templated":true}]}}

<div data-elementor-type="wp-page" data-elementor-id="191" class="elementor elementor-191">
									<section class="elementor-section elementor-top-section elementor-element elementor-element-157f6fb elementor-section-boxed elementor-section-height-default elementor-section-height-default" data-id="157f6fb" data-element_type="section">
						<div class="elementor-container elementor-column-gap-default">
					<div class="elementor-column elementor-col-100 elementor-top-column elementor-element elementor-element-a60e2d7" data-id="a60e2d7" data-element_type="column">
			<div class="elementor-widget-wrap elementor-element-populated">
								<div class="elementor-element elementor-element-59845d3 elementor-widget elementor-widget-text-editor" data-id="59845d3" data-element_type="widget" data-widget_type="text-editor.default">
				<div class="elementor-widget-container">
							<p><span style="font-weight: 400;">W naszej szkole terapia logopedyczna przeznaczona jest głównie dla dzieci z klas 0-III. Celem zajęć jest przede wszystkim korygowanie zaburzonej mowy i wymowy. Uczniowie i uczennice usprawniają pracę aparatu artykulacyjnego, głównie języka i warg. Uczą się jak prawidłowo wymawiać trudne dla nich głoski i utrwalają je na zajęciach w gabinecie oraz poza nim. W trakcie zajęć również rozwijana jest percepcja wzrokowa, słuchowa, </span><span style="font-weight: 400;">orientacja przestrzenna. </span><span style="font-weight: 400;">Wprowadzane są też ćwiczenia ułatwiające czytanie i pisanie, a także doskonalące rozwój ruchowy i emocjonalny.</span></p><p><span style="font-weight: 400;"> </span></p><p><b>Osiągnięcie sukcesu i wypracowanie właściwej wymowy wymaga wiele pracy i zaangażowania zarówno ze strony dziecka jak i dorosłych – rodzica i logopedy</b><span style="font-weight: 400;">. Trudno sobie wyobrazić zajęcia logopedyczne bez udziału rodziców. </span><b>Dziecko mówi zwykle 10-12 godzin dziennie 7 dni w tygodniu</b><span style="font-weight: 400;">, więc konieczność utrwalania zdobytych na zajęciach umiejętności spoczywa na osobach opiekujących się dzieckiem. W</span> <span style="font-weight: 400;">gabinecie wywoływane są głoski, wskazywane są kierunki terapii, przekazywane są materiały do pracy w domu. </span><b>Udział rodziców w każdych zajęciach jest ideałem</b><span style="font-weight: 400;">, ale gdy nie jest to możliwe, ważne by kontakt z logopedą był jak najczęstszy. Na zajęcia dzieci obowiązkowo przynoszą zeszyty.</span></p><p><span style="font-weight: 400;"> </span></p><p><span style="font-weight: 400;">Zadaniem dziecka jest prawidłowa wymowa we wszystkich sytuacjach (nie tylko w gabinecie logopedycznym), a zadaniem dorosłych jest ułatwienie mu tego – </span><b>wypracowanie zwyczaju codziennych systematycznych ćwiczeń w atmosferze zabawy i radości</b><span style="font-weight: 400;">, tak by dziecko kojarzyło utrwalanie jako miły czas spędzony z rodzicem, a nie jako gehennę dzieciństwa. </span><b>Dobra terapia logopedyczna to krótka terapia</b><span style="font-weight: 400;">, im szybciej utrwalone zostaną efekty tym szybciej dziecko będzie mogło czerpać profity ze zdobytych umiejętności i bezstresowo wspinać się po drabinie wiedzy.</span></p><p><span style="font-weight: 400;"> </span></p><p><span style="font-weight: 400;">We wrześniu każdego roku przeprowadzane są badania przesiewowe</span><span style="font-weight: 400;">, diagnoza nowych uczniów oraz analiza umiejętności osiągniętych przez uczniów uczestniczących w terapii w poprzednim roku. Na tej podstawie tworzona jest lista uczniów wymagających pomocy. W zależności od zdiagnozowanej wady oraz jej nasilenia uczennice i uczniowie uczestniczą w zajęciach indywidualnych lub grupowych, otrzymują również zalecenia do pracy w domu. Regularne zajęcia rozpoczynają się zwykle w ostatnim tygodniu września, a ułożenie indywidualnego planu mimo wieloletniego treningu jest zawsze wyzwaniem!!!</span></p><p><span style="font-weight: 400;"> </span></p><p><span style="font-weight: 400;">Konsultacje dla rodziców (środa po południu) – po wcześniejszym umówieniu się. Zawsze znajdziemy wspólny termin dopasowany do Państwa potrzeb.  </span></p><p><span style="font-weight: 400;"> </span></p><p><span style="font-weight: 400;">W tym roku zajęcia prowadzi również pani Agnieszka Suchcicka</span></p><p><span style="font-weight: 400;"> </span></p><p style="text-align: right;"><b>Wszystkim życzę dobrej zabawy i zapraszam na zajęcia</b></p><p style="text-align: right;"><span style="font-weight: 400;">logopeda mgr Anna Retowska</span></p><p><span style="font-weight: 400;"> </span></p><ul><li style="font-weight: 400;" aria-level="1"><span style="font-weight: 400;">preferowany kontakt – dziennik elektroniczny,</span></li><li style="font-weight: 400;" aria-level="1"><span style="font-weight: 400;">oraz telefon: 58 6828524 lub anre@splegowo.pl</span></li></ul>						</div>
				</div>
					</div>
		</div>
							</div>
		</section>
							</div>

<p>W naszej szkole terapia logopedyczna przeznaczona jest głównie dla dzieci z klas 0-III. Celem zajęć jest przede wszystkim korygowanie zaburzonej &hellip; </p>
