{"id":1018,"date":"2021-08-19T10:42:38","date_gmt":"2021-08-19T08:42:38","guid":{"rendered":"http:\/\/pruszczgdanski.home.pl\/autoinstalator\/wordpressplugins2\/?page_id=1018"},"modified":"2022-09-13T15:58:20","modified_gmt":"2022-09-13T13:58:20","slug":"konkursy","status":"publish","type":"page","link":"https:\/\/splegowo.pl\/index.php\/konkursy\/","title":{"rendered":"Konkursy"},"content":{"rendered":"\t\t<div data-elementor-type=\"wp-page\" data-elementor-id=\"1018\" class=\"elementor elementor-1018\">\n\t\t\t\t\t\t\t\t\t<section class=\"elementor-section elementor-top-section elementor-element elementor-element-2bc648ef elementor-section-boxed elementor-section-height-default elementor-section-height-default\" data-id=\"2bc648ef\" data-element_type=\"section\">\n\t\t\t\t\t\t<div class=\"elementor-container elementor-column-gap-default\">\n\t\t\t\t\t<div class=\"elementor-column elementor-col-100 elementor-top-column elementor-element elementor-element-4e96ffa0\" data-id=\"4e96ffa0\" data-element_type=\"column\">\n\t\t\t<div class=\"elementor-widget-wrap elementor-element-populated\">\n\t\t\t\t\t\t\t\t<div class=\"elementor-element elementor-element-3c2baca4 elementor-widget elementor-widget-text-editor\" data-id=\"3c2baca4\" data-element_type=\"widget\" data-widget_type=\"text-editor.default\">\n\t\t\t\t<div class=\"elementor-widget-container\">\n\t\t\t\t\t\t\t<!-- wp:table --><hr\/><br\/><b>FLAGI \u015aWIATA &#8211; KONKURS SZKOLNY<\/b><br\/>&#13; <p style=\"text-indent:35pt; margin-bottom: 0\">Zapraszam do udzia\u0142u w konkursie rozpoznawania flag kraj\u00f3w ca\u0142ego \u015bwiata.&#13; <\/p><p style=\"text-indent:35pt; margin-top: 0; margin-bottom: 0\">2 maja obchodzimy dzie\u0144 Flagi Rzeczypospolitej Polskiej. To doskona\u0142a okazja, aby dowiedzie\u0107 si\u0119 wi\u0119cej o jej pochodzeniu, ale te\u017c rzuci\u0107 okiem i spr\u00f3bowa\u0107 zapami\u0119ta\u0107 jak wygl\u0105daj\u0105 flagi innych pa\u0144stw.&#13; <\/p><p style=\"text-indent:35pt; margin-top: 0; margin-bottom: 0\">Konkurs jest dla wszystkich ch\u0119tnych uczni\u00f3w z klas od pi\u0105tych do \u00f3smych. Je\u015bli uczniowie m\u0142odsi (z klas 0-4) chcieliby wzi\u0105\u0107 w nim udzia\u0142, prosz\u0119 o informacj\u0119 na: jote@splegowo.pl&#13; <\/p><p style=\"text-indent:35pt; margin-top: 0; margin-bottom: 0\">Zapisy do 4 maja 2021.&#13; <\/p><p style=\"text-indent:35pt; margin-top: 0; margin-bottom: 0\">Konkurs odb\u0119dzie si\u0119 w aplikacji Kahoot.&#13; <\/p><p style=\"text-indent:35pt; margin-top: 0; margin-bottom: 0\">10 maja w poniedzia\u0142ek odb\u0119d\u0105 si\u0119 eliminacje. Do fina\u0142u przejdzie 20 os\u00f3b z najlepszymi wynikami. Fina\u0142 odb\u0119dzie si\u0119 17 maja o 15.00.&#13; <br\/><br\/><u>Nagrody:<\/u>&#13; <br\/>I miejsce- Atlas Geograficzny, 6 z geografii, kultowy d\u0142ugopis, presti\u017c;)&#13; <br\/>II miejsce &#8211; 6 z geografii, kultowy d\u0142ugopis, presti\u017c;)&#13; <br\/>III miejsce &#8211; 5 z geografii, kultowy d\u0142ugopis, presti\u017c;)<br\/><br\/><\/p>&#13; &#13; <!-- \/wp:table -->\t\t\t\t\t\t<\/div>\n\t\t\t\t<\/div>\n\t\t\t\t\t<\/div>\n\t\t<\/div>\n\t\t\t\t\t\t\t<\/div>\n\t\t<\/section>\n\t\t\t\t<section class=\"elementor-section elementor-top-section elementor-element elementor-element-68bda35f elementor-section-boxed elementor-section-height-default elementor-section-height-default\" data-id=\"68bda35f\" data-element_type=\"section\">\n\t\t\t\t\t\t<div class=\"elementor-container elementor-column-gap-default\">\n\t\t\t\t\t<div class=\"elementor-column elementor-col-100 elementor-top-column elementor-element elementor-element-6e3b38a1\" data-id=\"6e3b38a1\" data-element_type=\"column\">\n\t\t\t<div class=\"elementor-widget-wrap elementor-element-populated\">\n\t\t\t\t\t\t\t\t<div class=\"elementor-element elementor-element-73cdf9ba elementor-widget elementor-widget-text-editor\" data-id=\"73cdf9ba\" data-element_type=\"widget\" data-widget_type=\"text-editor.default\">\n\t\t\t\t<div class=\"elementor-widget-container\">\n\t\t\t\t\t\t\t<!-- wp:table --><hr\/><br\/><b>UWAGA, KONKURS!!!<\/b><br\/>&#13; <p style=\"text-indent:35pt; margin-bottom: 0\">Biologia &#8211; co to takiego? czyli &#8222;moja wizja biologii&#8221;&#13; <\/p><p style=\"text-indent:35pt; margin-top: 0; margin-bottom: 0\">Je\u015bli lubisz obserwowa\u0107 przyrod\u0119, posiadasz talent plastyczny lub fotografujesz, ten konkurs jest dla Ciebie. Mo\u017cesz pokaza\u0107 swoj\u0105 pasj\u0119 i swoje prace.&#13; <\/p><p style=\"text-indent:35pt; margin-top: 0; margin-bottom: 0\">Zapoznaj si\u0119 z regulaminem. Przygotuj i wy\u015blij swoje prace na wskazany adres.&#13; <\/p><p style=\"text-indent:35pt; margin-top: 0; margin-bottom: 0\">Nie zapomnij o wys\u0142aniu zgody na przetwarzanie danych osobowych. Wysy\u0142aj\u0105c prac\u0119 nale\u017cy napisa\u0107, \u017ce wyra\u017ca si\u0119 zgod\u0119 na &#8222;opublikowanie pracy (opisanej imieniem i nazwiskiem) na stronie internetowej projektu Spotkania z nauk\u0105&#8221;. &#13; <\/p><p style=\"text-indent:35pt; margin-top: 0; margin-bottom: 0\">W razie pyta\u0144 kontaktuj si\u0119 z nauczycielami biologii.&#13; <\/p><p style=\"text-indent:35pt; margin-top: 0; margin-bottom: 0\">ZACH\u0118CAMY DO UDZIA\u0141U W KONKURSIE&#13; <\/p>  <p align=\"center\"> <a href=\"http:\/\/pruszczgdanski.home.pl\/autoinstalator\/wordpressplugins2\/wp-content\/uploads\/2021\/08\/konkurs_biologia_co_to_takiego.docx\" target=\"_blank\">&#8211; &#8211; &#8211; &#8211; Zasady &#8211; Biologia &#8211; co to takiego? czyli moja wizja biologii &#8211; &#8211; &#8211; &#8211;<\/a><br\/> &#13; <a href=\"http:\/\/pruszczgdanski.home.pl\/autoinstalator\/wordpressplugins2\/wp-content\/uploads\/2021\/08\/zalacznik-nr-1-zgoda-na-przetwarzanie-danych-osobowych-konkurs-biologia.docx\" target=\"_blank\"> &#8211; &#8211; &#8211; &#8211; Zgoda na przetwarzanie danych &#8211; &#8211; &#8211; &#8211; <\/a><\/p>&#13; \t\t\t\t  &#13; <!-- \/wp:table -->\t\t\t\t\t\t<\/div>\n\t\t\t\t<\/div>\n\t\t\t\t\t<\/div>\n\t\t<\/div>\n\t\t\t\t\t\t\t<\/div>\n\t\t<\/section>\n\t\t\t\t<section class=\"elementor-section elementor-top-section elementor-element elementor-element-6b74f6ec elementor-section-boxed elementor-section-height-default elementor-section-height-default\" data-id=\"6b74f6ec\" data-element_type=\"section\">\n\t\t\t\t\t\t<div class=\"elementor-container elementor-column-gap-default\">\n\t\t\t\t\t<div class=\"elementor-column elementor-col-100 elementor-top-column elementor-element elementor-element-7a4c354a\" data-id=\"7a4c354a\" data-element_type=\"column\">\n\t\t\t<div class=\"elementor-widget-wrap elementor-element-populated\">\n\t\t\t\t\t\t\t\t<div class=\"elementor-element elementor-element-112d3d0a elementor-widget elementor-widget-text-editor\" data-id=\"112d3d0a\" data-element_type=\"widget\" data-widget_type=\"text-editor.default\">\n\t\t\t\t<div class=\"elementor-widget-container\">\n\t\t\t\t\t\t\t<!-- wp:table --><hr\/><br\/><b>Szanowni Uczniowie, Rodzice, Dziadkowie, Absolwenci i Przyjaciele naszej Szko\u0142y!<\/b><br\/>&#13; <p style=\"text-indent:35pt; margin-bottom: 0\">W grudniu 2020 roku b\u0119dziemy obchodzi\u0107 ju\u017c pi\u0119\u0107dziesi\u0105t\u0105 rocznic\u0119 dramatycznych wydarze\u0144, kt\u00f3re mia\u0142y miejsce na Wybrze\u017cu. 17 grudnia 1970 roku w Gdyni wojsko otworzy\u0142o ogie\u0144 do robotnik\u00f3w id\u0105cych do pracy. Zgin\u0119\u0142o w\u00f3wczas 45 os\u00f3b, a 1165 odnios\u0142o rany.&#13; <\/p><p style=\"text-indent:35pt; margin-top: 0; margin-bottom: 0\">17 wrze\u015bnia 1992 r. Szko\u0142a Podstawowa w \u0141\u0119gowie otrzyma\u0142a zaszczytne imi\u0119 Bohater\u00f3w Grudnia &#8217;70. Od tego czasu corocznie czcimy pami\u0119\u0107 Tych, kt\u00f3rzy walczyli o nasz\u0105 wolno\u015b\u0107 i nasze prawa.&#13; <\/p><p style=\"text-indent:35pt; margin-top: 0; margin-bottom: 0\">W tym wyj\u0105tkowym roku, chcieliby\u015bmy zaprosi\u0107 Was, szanowni Przyjaciele szko\u0142y, do wsp\u00f3lnego projektu <b>&#8222;Pami\u0119tamy i b\u0119dziemy pami\u0119ta\u0107 &#8211; Grudzie\u0144 &#8217;70 w sercach spo\u0142eczno\u015bci Szko\u0142y Podstawowej w \u0141\u0119gowie&#8221;<\/b>, kt\u00f3ry w szczeg\u00f3lny spos\u00f3b upami\u0119tni Wydarzenia Grudnia &#8217;70 oraz przypomni losy Bohater\u00f3w tamtych dni.&#13; <\/p><p style=\"text-indent:35pt; margin-top: 0; margin-bottom: 0\">Serdecznie zapraszamy do zapoznania si\u0119 z regulaminem projektu. Wszystkie pytania mog\u0105 Pa\u0144stwo kierowa\u0107 na adres e-mail aggr@splegowo.&#13; <br\/><\/p>  <p align=\"center\"> <a href=\"http:\/\/pruszczgdanski.home.pl\/autoinstalator\/wordpressplugins2\/wp-content\/uploads\/2021\/08\/201009_projekt_grudzien_70_regulamin.pdf\" target=\"_blank\"><b>&#8212; &#8212; REGULAMIN PROJEKTU &#8212; &#8212; <\/b><\/a><br\/><br\/> <br\/>&#13; <a href=\"http:\/\/pruszczgdanski.home.pl\/autoinstalator\/wordpressplugins2\/wp-content\/uploads\/2021\/08\/201009_projekt_grudzien_70.pdf\" target=\"_blank\"><img decoding=\"async\" src=\"http:\/\/pruszczgdanski.home.pl\/autoinstalator\/wordpressplugins2\/wp-content\/uploads\/2021\/08\/201009_projekt_grudzien_70.jpg\"\/><\/a><\/p>&#13; &#13; <!-- \/wp:table -->\t\t\t\t\t\t<\/div>\n\t\t\t\t<\/div>\n\t\t\t\t\t<\/div>\n\t\t<\/div>\n\t\t\t\t\t\t\t<\/div>\n\t\t<\/section>\n\t\t\t\t<section class=\"elementor-section elementor-top-section elementor-element elementor-element-47d1243 elementor-section-boxed elementor-section-height-default elementor-section-height-default\" data-id=\"47d1243\" data-element_type=\"section\">\n\t\t\t\t\t\t<div class=\"elementor-container elementor-column-gap-default\">\n\t\t\t\t\t<div class=\"elementor-column elementor-col-100 elementor-top-column elementor-element elementor-element-55c9eeb7\" data-id=\"55c9eeb7\" data-element_type=\"column\">\n\t\t\t<div class=\"elementor-widget-wrap elementor-element-populated\">\n\t\t\t\t\t\t\t\t<div class=\"elementor-element elementor-element-79734a52 elementor-widget elementor-widget-text-editor\" data-id=\"79734a52\" data-element_type=\"widget\" data-widget_type=\"text-editor.default\">\n\t\t\t\t<div class=\"elementor-widget-container\">\n\t\t\t\t\t\t\t<p><!-- wp:table --><\/p>\n<hr \/>\n<p>\u00a0<\/p>\n<p align=\"center\"><b>KURATORYJNE KONKURSY PRZEDMIOTOWE<\/b> <br \/>Zapraszamy uczni\u00f3w klas 4-8 do udzia\u0142u w kuratoryjnych konkursach przedmiotowych. Zainteresowani uczniowie proszeni s\u0105 o zg\u0142aszanie si\u0119 do nauczycieli ucz\u0105cych danego przedmiotu do \u015aRODY 23.09.2020r.. <br \/>Regulaminy i zakres materia\u0142u na stronie: <br \/><a href=\"https:\/\/www.kuratorium.gda.pl\/category\/rodziceuczniowie\/konkursy-przedmiotowe\/\" target=\"_blank\" rel=\"noopener\">https:\/\/www.kuratorium.gda.pl\/category\/rodziceuczniowie\/konkursy-przedmiotowe\/<\/a> <small><i> <br \/><br \/>data umieszczenia: 17.09.2020 <br \/>dla: klasy IV-VIII szko\u0142y podstawowej <\/i><\/small><\/p>\n<p><!-- \/wp:table --><\/p>\t\t\t\t\t\t<\/div>\n\t\t\t\t<\/div>\n\t\t\t\t\t<\/div>\n\t\t<\/div>\n\t\t\t\t\t\t\t<\/div>\n\t\t<\/section>\n\t\t\t\t<section class=\"elementor-section elementor-top-section elementor-element elementor-element-76b0bc6e elementor-section-boxed elementor-section-height-default elementor-section-height-default\" data-id=\"76b0bc6e\" data-element_type=\"section\">\n\t\t\t\t\t\t<div class=\"elementor-container elementor-column-gap-default\">\n\t\t\t\t\t<div class=\"elementor-column elementor-col-100 elementor-top-column elementor-element elementor-element-2b3982c7\" data-id=\"2b3982c7\" data-element_type=\"column\">\n\t\t\t<div class=\"elementor-widget-wrap elementor-element-populated\">\n\t\t\t\t\t\t\t\t<div class=\"elementor-element elementor-element-6593a8bb elementor-widget elementor-widget-text-editor\" data-id=\"6593a8bb\" data-element_type=\"widget\" data-widget_type=\"text-editor.default\">\n\t\t\t\t<div class=\"elementor-widget-container\">\n\t\t\t\t\t\t\t<p><!-- wp:table --><\/p><hr>\r <p><\/p>\n<p align=\"center\"> \r <b>POMORSKA LIGA ZADANIOWA<\/b>\r <br>Zapraszamy uczni\u00f3w klas 7 i 8 do udzia\u0142u w konkursie Pomorska Liga Zadaniowa Zdolni z Pomorza.\r <br>Konkurs obejmuje takie przedmioty, jak: biologia, chemia, fizyka, informatyka, matematyka i przedmioty rozwijaj\u0105ce kompetencje spo\u0142eczne (j\u0119zyk polski, historia, WOS, sztuka, filozofia itp.)\r <br>Zainteresowani uczniowie proszeni s\u0105 o zg\u0142aszanie si\u0119 do nauczycieli ucz\u0105cych danego przedmiotu&nbsp;do \u015aRODY 23.09.2020r..\r <br>Szczeg\u00f3\u0142y na stronie: \r <br><a href=\"https:\/\/www.odn.slupsk.pl\/projekty-i-programy\/projekty\/zdolni-z-pomorza-pomorska-liga-zadaniowa\/rok-20202021\/\" target=\"_blank\">https:\/\/www.odn.slupsk.pl\/projekty-i-programy\/projekty\/zdolni-z-pomorza-pomorska-liga-zadaniowa\/rok-20202021\/<\/a>\r <small><i>\r <br><br>data umieszczenia: 17.09.2020 \r <br>dla: klasy VII-VIII szko\u0142y podstawowej\r <\/i><\/small> \r \t\t\t\t  \r <\/p>\n<p><!-- \/wp:table --><\/p>\t\t\t\t\t\t<\/div>\n\t\t\t\t<\/div>\n\t\t\t\t\t<\/div>\n\t\t<\/div>\n\t\t\t\t\t\t\t<\/div>\n\t\t<\/section>\n\t\t\t\t<section class=\"elementor-section elementor-top-section elementor-element elementor-element-484f8909 elementor-section-boxed elementor-section-height-default elementor-section-height-default\" data-id=\"484f8909\" data-element_type=\"section\">\n\t\t\t\t\t\t<div class=\"elementor-container elementor-column-gap-default\">\n\t\t\t\t\t<div class=\"elementor-column elementor-col-100 elementor-top-column elementor-element elementor-element-2a27b2e2\" data-id=\"2a27b2e2\" data-element_type=\"column\">\n\t\t\t<div class=\"elementor-widget-wrap elementor-element-populated\">\n\t\t\t\t\t\t\t\t<div class=\"elementor-element elementor-element-7c6eb54e elementor-widget elementor-widget-text-editor\" data-id=\"7c6eb54e\" data-element_type=\"widget\" data-widget_type=\"text-editor.default\">\n\t\t\t\t<div class=\"elementor-widget-container\">\n\t\t\t\t\t\t\t<!-- wp:table --><hr\/>&#13; <p align=\"center\"><b> Regulamin Szkolnego Konkursu &#8222;Najpi\u0119kniejszy Zeszyt Lektur&#8221; <br\/>i wzory kart lekturnik\u00f3w do poszczeg\u00f3lnych klas&#13; &#13; <br\/><br\/> <a href=\"http:\/\/pruszczgdanski.home.pl\/autoinstalator\/wordpressplugins2\/wp-content\/uploads\/2021\/08\/170919_regul.docx\" target=\"_blank\"> &#8212; &#8212; Regulamin konkursu (plik doc) &#8212; &#8212; <\/a>&#13; <br\/> <a href=\"http:\/\/pruszczgdanski.home.pl\/autoinstalator\/wordpressplugins2\/wp-content\/uploads\/2021\/08\/130927_wzor_kl1.doc\" target=\"_blank\"> &#8212; &#8212; Wz\u00f3r karty lekturnika &#8211; klasa 1 (plik doc)&#8211; &#8212; <\/a>&#13; <br\/> <a href=\"http:\/\/pruszczgdanski.home.pl\/autoinstalator\/wordpressplugins2\/wp-content\/uploads\/2021\/08\/130927_wzor_kl2.doc\" target=\"_blank\"> &#8212; &#8212; Wz\u00f3r karty lekturnika &#8211; klasa 2 (plik doc)&#8211; &#8212; <\/a>&#13; <br\/> <a href=\"http:\/\/pruszczgdanski.home.pl\/autoinstalator\/wordpressplugins2\/wp-content\/uploads\/2021\/08\/130927_wzor_kl3.doc\" target=\"_blank\"> &#8212; &#8212; Wz\u00f3r karty lekturnika &#8211; klasa 3 (plik doc)&#8211; &#8212; <\/a><\/b><\/p>&#13; &#13; \t\t\t\t  &#13; \t\t\t\t  &#13; \t\t\t\t  &#13; &#13; &#13; &#13; &#13; <\/div>&#13;                   &#13; &#13;                 <!-- \/wp:table -->\t\t\t\t\t\t<\/div>\n\t\t\t\t<\/div>\n\t\t\t\t\t<\/div>\n\t\t<\/div>\n\t\t\t\t\t\t\t<\/div>\n\t\t<\/section>\n\t\t\t\t\t\t\t<\/div>\n\t\t","protected":false},"excerpt":{"rendered":"<p>FLAGI \u015aWIATA &#8211; KONKURS SZKOLNY&#13; Zapraszam do udzia\u0142u w konkursie rozpoznawania flag kraj\u00f3w ca\u0142ego \u015bwiata.&#13; 2 maja obchodzimy dzie\u0144 Flagi &hellip; <\/p>\n","protected":false},"author":1,"featured_media":0,"parent":0,"menu_order":0,"comment_status":"closed","ping_status":"closed","template":"","meta":[],"_links":{"self":[{"href":"https:\/\/splegowo.pl\/index.php\/wp-json\/wp\/v2\/pages\/1018"}],"collection":[{"href":"https:\/\/splegowo.pl\/index.php\/wp-json\/wp\/v2\/pages"}],"about":[{"href":"https:\/\/splegowo.pl\/index.php\/wp-json\/wp\/v2\/types\/page"}],"author":[{"embeddable":true,"href":"https:\/\/splegowo.pl\/index.php\/wp-json\/wp\/v2\/users\/1"}],"replies":[{"embeddable":true,"href":"https:\/\/splegowo.pl\/index.php\/wp-json\/wp\/v2\/comments?post=1018"}],"version-history":[{"count":12,"href":"https:\/\/splegowo.pl\/index.php\/wp-json\/wp\/v2\/pages\/1018\/revisions"}],"predecessor-version":[{"id":17791,"href":"https:\/\/splegowo.pl\/index.php\/wp-json\/wp\/v2\/pages\/1018\/revisions\/17791"}],"wp:attachment":[{"href":"https:\/\/splegowo.pl\/index.php\/wp-json\/wp\/v2\/media?parent=1018"}],"curies":[{"name":"wp","href":"https:\/\/api.w.org\/{rel}","templated":true}]}}